reatest common divisor of 6 and 28?
2
Calculate the highest common divisor of 100 and 13225.
25
Calculate the highest common factor of 41 and 29889.
41
What is the greatest common factor of 1216 and 76?
76
Calculate the greatest common divisor of 95 and 76.
19
What is the highest common divisor of 6327 and 888?
111
What is the highest common divisor of 812 and 28?
28
What is the highest common factor of 3904 and 61?
61
Calculate the greatest common divisor of 1161 and 1215.
27
Calculate the greatest common factor of 399 and 114.
57
What is the highest common factor of 110 and 121?
11
What is the greatest common divisor of 194 and 18?
2
What is the highest common factor of 3435 and 135?
15
What is the highest common factor of 7760 and 320?
80
Calculate the greatest common divisor of 22 and 22.
22
Calculate the greatest common divisor of 3150 and 126.
126
Calculate the highest common factor of 19 and 5377.
19
Calculate the greatest common factor of 294 and 357.
21
What is the greatest common divisor of 126 and 90?
18
What is the greatest common factor of 10706 and 202?
202
Calculate the greatest common factor of 200 and 16600.
200
Calculate the highest common factor of 104 and 156.
52
Calculate the highest common factor of 5024 and 96.
32
What is the highest common divisor of 429 and 132?
33
What is the highest common factor of 44 and 616?
44
Calculate the highest common divisor of 8 and 132.
4
What is the greatest common factor of 24 and 300?
12
What is the greatest common factor of 128 and 160?
32
What is the greatest common divisor of 528 and 24?
24
What is the greatest common factor of 28 and 532?
28
Calculate the highest common divisor of 300 and 200.
100
Calculate the highest common divisor of 495 and 605.
55
Calculate the highest common divisor of 89426 and 122.
122
Calculate the greatest common factor of 93 and 1488.
93
Calculate the greatest common factor of 234 and 261.
9
Calculate the greatest common divisor of 270 and 360.
90
What is the highest common divisor of 52 and 533?
13
Calculate the greatest common factor of 14 and 112.
14
Calculate the highest common factor of 47 and 3.
1
What is the highest common factor of 235 and 945?
5
What is the greatest common divisor of 14 and 166?
2
Calculate the highest common factor of 100 and 150.
50
What is the highest common factor of 1 and 7?
1
What is the greatest common factor of 112 and 1001?
7
What is the highest common factor of 118 and 113398?
118
What is the highest common factor of 221 and 51?
17
Calculate the highest common factor of 578 and 34.
34
What is the highest common factor of 312 and 712?
8
Calculate the greatest common factor of 42 and 126.
42
Calculate the greatest common factor of 65 and 1075.
5
Calculate the highest common factor of 5663 and 7.
7
Calculate the highest common factor of 64 and 16.
16
What is the highest common factor of 2445 and 25?
5
What is the highest common divisor of 3978 and 351?
117
Calculate the greatest common factor of 1079 and 13.
13
What is the greatest common factor of 3056 and 32?
16
Calculate the greatest common factor of 97 and 1552.
97
What is the greatest common factor of 1584 and 4257?
99
What is the greatest common divisor of 3871 and 98?
49
What is the greatest common factor of 15 and 195?
15
What is the greatest common divisor of 118 and 32?
2
What is the greatest common divisor of 1041 and 6?
3
What is the greatest common divisor of 783 and 29?
29
Calculate the highest common divisor of 18 and 3555.
9
Calculate the highest common factor of 8956 and 4.
4
What is the highest common divisor of 4 and 103?
1
Calculate the highest common divisor of 9202 and 86.
86
Calculate the greatest common divisor of 2261 and 266.
133
What is the highest common divisor of 609 and 145?
29
Calculate the highest common factor of 1073 and 148.
37
Calculate the greatest common factor of 138 and 460.
46
What is the greatest common divisor of 48 and 1992?
24
Calculate the greatest common factor of 1638 and 4004.
182
What is the greatest common factor of 173 and 1557?
173
What is the highest common factor of 12776 and 24?
8
Calculate the greatest common factor of 256 and 96.
32
What is the highest common divisor of 144 and 42?
6
What is the greatest common divisor of 172 and 10578?
86
What is the greatest common factor of 92 and 10?
2
What is the greatest common factor of 234 and 90?
18
What is the highest common factor of 518 and 56?
14
What is the greatest common divisor of 186 and 806?
62
What is the highest common factor of 78 and 1014?
78
Calculate the greatest common factor of 24588 and 18.
18
Calculate the highest common divisor of 855 and 1539.
171
Calculate the highest common divisor of 143 and 55.
11
What is the highest common factor of 2556 and 36?
36
What is the highest common factor of 111 and 185?
37
What is the greatest common divisor of 300 and 400?
100
What is the greatest common factor of 272 and 6936?
136
What is the highest common divisor of 2941 and 187?
17
What is the highest common factor of 6853 and 385?
77
Calculate the greatest common factor of 488 and 427.
61
What is the greatest common divisor of 4 and 298?
2
Calculate the highest common factor of 119 and 21.
7
Calculate the greatest common factor of 12 and 4236.
12
Calculate the highest common factor of 9312 and 291.
291
Calculate the greatest common factor of 16282 and 28.
14
Calculate the greatest common divisor of 4 and 36.
4
What is the greatest common factor of 99 and 165?
33
What is the greatest common divisor of 84 and 231?
21
Calculate the greatest common divisor of 3042 and 312.
78
Calculate the highest common factor of 40 and 970.
10
Calculate the greatest common factor of 15449 and 7.
7
Calculate the highest common divisor of 1298 and 118.
118
Calculate the greatest common divisor of 38 and 1.
1
What is the greatest common factor of 9 and 6921?
9
What is the highest common divisor of 3440 and 40?
40
Calculate the highest common divisor of 111 and 259.
37
Calculate the greatest common divisor of 306 and 648.
18
What is the greatest common factor of 30 and 162?
6
What is the highest common factor of 15 and 60?
15
What is the highest common divisor of 9202 and 172?
86
Calculate the highest common divisor of 3111 and 102.
51
What is the greatest common factor of 325 and 50?
25
What is the highest common factor of 32 and 8?
8
Calculate the greatest common factor of 63 and 119.
7
What is the greatest common factor of 319 and 77?
11
Calculate the greatest common factor of 4152 and 24.
24
Calculate the highest common divisor of 77 and 7.
7
Calculate the greatest common factor of 68 and 4.
4
Calculate the greatest common divisor of 111060 and 18.
18
Calculate the highest common divisor of 5 and 49.
1
What is the highest common divisor of 21 and 7077?
21
What is the highest common divisor of 246 and 205?
41
Calculate the highest common divisor of 1 and 89.
1
Calculate the greatest common factor of 13 and 20046.
13
Calculate the highest common divisor of 104 and 264.
8
What is the highest common factor of 121 and 418?
11
Calculate the highest common factor of 4596 and 84.
12
Calculate the greatest common factor of 3925 and 100.
25
What is the highest common divisor of 612 and 36?
36
Calculate the greatest common factor of 572 and 506.
22
What is the highest common divisor of 800 and 1120?
160
Calculate the greatest common factor of 507 and 6.
3
Calculate the highest common factor of 583 and 22.
11
What is the highest common divisor of 1349 and 19?
19
Calculate the greatest common divisor of 606 and 6.
6
Calculate the greatest common factor of 52 and 234.
26
What is the greatest common divisor of 2460 and 48?
12
What is the highest common factor of 140 and 518?
14
Calculate the greatest common divisor of 1344 and 64.
64
What is the highest common factor of 91 and 119?
7
Calculate the greatest common factor of 80 and 37680.
80
What is the highest common divisor of 168 and 2100?
84
What is the greatest common factor of 253 and 77?
11
Calculate the highest common divisor of 45 and 252.
9
Calculate the highest common divisor of 57 and 363.
3
What is the highest common divisor of 40 and 320?
40
What is the greatest common factor of 3 and 2?
1
What is the highest common divisor of 6 